 s = 3 - v. Suppose 22 + 17 = s*i. What is the tens digit of i?
1
Let y(t) = -t**3 + 6*t**2 + 9*t - 9. Let r be y(7). Suppose -3 = r*u - 13. Suppose 4*i + 93 = 3*q - i, -2*q - u*i + 62 = 0. What is the units digit of q?
1
Suppose 4*b = -4*j + 4248, 0 = -b + 7*j - 6*j + 1060. What is the units digit of b?
1
Let x be 2/(((-2)/7)/(243/63)). Let r = 34 + x. What is the units digit of r?
7
Let v(z) = 30*z - 1. Let m be v(1). Let u = m - 5. What is the units digit of u?
4
Let i = -1052 - -1755. What is the tens digit of i?
0
Suppose 11*i - 1963 = 19267. What is the hundreds digit of i?
9
What is the units digit of (-6 - -2898) + 8 - -5?
5
Let k(h) = 8*h**2 + 15*h - 64. What is the tens digit of k(-10)?
8
Let v(p) = -p + 12. Let k(f) = f + 1. Let n(l) = -5*k(l) + v(l). Let j be n(-8). Suppose -5*u + j = -55. What is the tens digit of u?
2
Let s(n) = 3*n**2 - 11*n - 2. Let p be s(4). Suppose -p*q = 2*x - 300, -q - 2*q + 452 = 2*x. What is the units digit of q?
2
Suppose 7*u - 8 = 3*u. Suppose 0 = -u*a - 4*a + 1140. Suppose 3*q = -2*q + a. What is the units digit of q?
8
Let u be (-249)/15 + -5 - (-4)/(-10). What is the units digit of (-2116)/u - 2/11?
6
Let w = 226 + -66. Let j = -102 + w. What is the units digit of j?
8
Let s be (-3*(3 + -4))/((-4)/(-8)). Let p(i) = 5*i**3 - 4*i**3 - 7*i**2 + 7*i - 5 + i. What is the units digit of p(s)?
7
Suppose 0 = -44*g + 70*g - 42484. What is the tens digit of g?
3
Suppose -3*w = -5*z - 12, -5*z - 4 - 16 = -5*w. Suppose -2*j + 2*g + 110 = z, -2*j - g - 2*g = -135. What is the units digit of j?
0
Suppose 4*f - 2*f = 124. Suppose -f = -p - 2. What is the tens digit of p?
6
Let m = -41 + 37. What is the units digit of 10/(-6) + m/(-6) - -130?
9
Let s = -81 + 36. Let v = 117 + s. What is the tens digit of v?
7
Let p(h) = h**2 + 11*h - 19. Let g be p(-13). Let i(r) = 2*r**2 - 10*r + 32. What is the units digit of i(g)?
0
Let v be -1*(12/2)/(-1). Let c be -15 + -1 + -6 + v. What is the tens digit of (-109)/(-4) + 4/c?
2
Let j(r) = 6*r + 29. Let b be j(-5). What is the tens digit of (b - (-223)/3) + 16/24?
7
Let l = 507 - 120. What is the tens digit of l?
8
Let s(c) = -43*c**2 - 2*c - 3. Let r(i) = 130*i**2 + 7*i + 10. Let d(g) = -2*r(g) - 7*s(g). What is the units digit of d(-1)?
2
What is the hundreds digit of (-90)/(-4)*(-27)/15*-18?
7
Let d(o) = -o**2 - 9*o - 3. Let j be d(-8). Suppose j*a = 8*a - 36. What is the units digit of a?
2
Suppose 20*o - 26*o = -102. What is the tens digit of o?
1
Suppose -5*b + 93 = -6*b. What is the tens digit of (-4)/8 + b/(-6)?
1
Let f(o) = -4 - o**3 + 0*o - 7*o**2 + 0*o + 11*o. Let w be f(-8). What is the tens digit of w/(-2) + (-1)/1?
1
What is the units digit of 45/(-30) + (-1334)/(-4)?
2
Suppose -3*j - 1368 = -8*j - 2*d, -5*j - 5*d = -1365. What is the tens digit of j?
7
Let m = -753 + 1941. What is the units digit of m?
8
Suppose -4615 = -6*k + k - 5*h, -4*k + 3728 = -5*h. What is the units digit of k?
7
Let n = 7 + -6. Suppose 7*s - 8*s - n = 0. What is the tens digit of -15*((-16)/(-5))/s?
4
Let d = 2678 + -989. What is the tens digit of d?
8
Let f(h) = 433*h**2 - 5*h + 13. What is the units digit of f(2)?
5
Let b be -1 + 1 - (364*-26)/7. What is the hundreds digit of (68/(-6))/(8 + b/(-168))?
2
Let d be 1 - 0 - (-3 - 17). Let g = d + -26. What is the tens digit of (-1 - -24)/(g - -6)?
2
Let h(g) = 7*g - 4. Let o be h(4). Let t = o - -18. Suppose 4*a - v + 3*v - t = 0, -2*v + 33 = 3*a. What is the units digit of a?
9
Let h(r) = 18*r**2 - 7*r + 5. What is the hundreds digit of h(-6)?
6
Let s(g) = -27*g**2 + g - 1. Let p be s(1). What is the tens digit of p/108 - (429/(-4))/1?
0
Let l(o) = -230*o + 56. What is the tens digit of l(-4)?
7
Suppose -17 = -4*h - 97. Let z(b) = -b**3 + 34*b**2 - 145*b + 27. Let d be z(29). Let q = h + d. What is the units digit of q?
7
Suppose 145 + 2411 = 9*d. What is the units digit of d?
4
Suppose 0*z = 3*z + 4*x - 2179, -3*x - 2897 = -4*z. What is the tens digit of z?
2
What is the tens digit of 184284/45 + 1/(-5)?
9
Suppose -9*k = 14*k - 10695. What is the tens digit of k?
6
Let o(n) = 34*n**2 - 3*n - 81. What is the thousands digit of o(10)?
3
Let p = -1509 - -2358. What is the tens digit of p?
4
Let s(y) = -y**3 + 8*y**2 - 4*y - 5. Let q be s(4). Let h = -13 + q. What is the tens digit of h?
3
Suppose -6830 = -5*s + 9*g - 4*g, -6818 = -5*s + 2*g. What is the hundreds digit of s?
3
Let t = 296 - 192. What is the hundreds digit of t?
1
Let v(x) = -2*x + 19. Let z(n) = -3*n + 38. Let r(j) = 5*v(j) - 3*z(j). Let d be r(-18). Let w = 12 + d. What is the tens digit of w?
1
Let c(z) = -z**3 - 6*z**2 + 7*z + 2. Let w be c(-7). Let q be (-2)/w - (-4 - -1). Suppose 3*p + 2 = 2*u, -3 - 3 = -2*u + q*p. What is the units digit of u?
7
Let q(a) = -a**2 + 10*a - 2. Let k be q(7). Let b = k + -224. What is the tens digit of b/(-10) - (-2)/(-4)?
2
Let w(a) = -a**2 - 33*a - 63. What is the units digit of w(-25)?
7
Let b(j) = j**2 - 13*j - 55. What is the units digit of b(-25)?
5
Suppose -2*a + 30 = -24. Suppose 2*z + 276 = 2*o, -3*z + 5 = -2*z. Suppose 0 = 5*k + m - o, m + 0*m - a = -k. What is the tens digit of k?
2
Let p(u) = 434*u**2 - 24*u - 47. What is the tens digit of p(-2)?
3
Suppose -2*h - 2*h = -12. Suppose -h*i - 134 = -4*b, 0*b - b = -3*i - 38. Suppose -g + b + 19 = 2*y, -76 = -3*y - 2*g. What is the tens digit of y?
2
Let n(o) = o**2 + 13*o - 9. Let u(l) = -l**3 - 9*l**2 + 13*l + 14. Let a be u(-10). Let i be n(a). Let b = i - -7. What is the units digit of b?
6
What is the units digit of (-1 + -2741)*37/(-111)?
4
Suppose 3*g + 2*o - 94 = 0, 0*o + 15 = 3*o. Let c = g + -24. What is the units digit of c?
4
Let f = -32 - -77. Let k = f - -18. Let a = k + -41. What is the tens digit of a?
2
Suppose -4*c = 16, 5*c - 2*c = -3*q. Suppose 4*b - 133 = -5*r + q*r, 3*r - 359 = -4*b. What is the units digit of r?
3
Let y(l) = -l**3 + l**2 - 13*l + 20. What is the hundreds digit of y(-9)?
9
Suppose -2*h - v - 23 = 0, 7*h + 6*v = 3*h - 42. Let k = -34 - -63. Let z = h + k. What is the units digit of z?
7
Let q(x) = -x + 2. Let k be 1/3*(3 + -3). Let l be q(k). Let u(b) = 19*b + 2. What is the units digit of u(l)?
0
Let d(u) = 43*u - 14. Let q be d(4). Let a = q - 50. What is the units digit of a?
8
Let y = 1155 - 203. What is the tens digit of y?
5
Suppose -63*w + 62*w = 797. What is the units digit of (-1)/(-6) + w/(-6)?
3
Let w(t) = 4*t**2 - t**2 + 1 - 6 + 4. Let n be w(1). Suppose 3*m - n*y = -7*y + 74, -3*y = -5*m + 180. What is the tens digit of m?
3
Suppose -3*p + 5*x - 11 = 0, 0*x = 3*x - 12. Suppose 602 = 2*f + 5*s, 4*f = p*f + 2*s + 310. What is the units digit of f?
6
Let p = 39 - 36. Suppose 352 = 2*g - 4*q - q, 0 = -p*g + 3*q + 510. What is the units digit of g?
6
What is the tens digit of (-51002)/(-20) + (-65)/650?
5
What is the tens digit of ((3861/(-15))/13)/(1/(-5))?
9
Let i = 5 + 5. Suppose i = 3*j - j, 0 = 5*q - 4*j - 595. What is the units digit of q?
3
Let t = -2 + 6. Suppose -o + 9 + 36 = 5*y, 0 = -t*o + 3*y + 134. Let g = 51 - o. What is the tens digit of g?
1
Suppose -2*m + 2 = 0, -3*p + 2841 = -3*m - 912. What is the hundreds digit of p?
2
Suppose 4*i = -629 + 165. Let r = -80 - i. What is the tens digit of 438/r - (-2)/(-12)?
1
Let a(g) = -4*g**2 + 140*g - 36. What is the units digit of a(29)?
0
Let a = 30 - 17. Let c(b) be the second derivative of -b**5/20 + 7*b**4/6 - 13*b**3/6 + 19*b**2/2 + 2*b. What is the units digit of c(a)?
9
Let b = 18 - 14. Suppose -b*y + 3*y = -o + 1, 4*y = -o - 14. What is the units digit of (-1)/(y + (-22)/(-8))?
4
Let w(m) = m**3 - 21*m**2 - 28*m - 113. What is the thousands digit of w(26)?
2
Let h = -4 + 14. Let p = h - 4. Let v = -2 + p. What is the units digit of v?
4
Suppose 64 = -c + 5*v + 1, 252 = -4*c + 4*v. Let r = c + 116. What is the units digit of r?
3
Suppose -4*r - 2*w = -164, -5*w = -3*r + 90 + 59. Let k = r + 9. What is the tens digit of k?
5
Let s(l) = -2*l**3 - 2*l**2 + 9*l + 27. What is the tens digit of s(-4)?
8
Let a(v) = -2*v**3 + 11*v**2 - v - 9. What is the tens digit of a(5)?
1
What is the tens digit of 6 - ((-81975)/120 + 2/16)?
8
Let q(w) be the first derivative of w**3/6 + 13*w**2 + 4*w - 5. Let n(f) be the first derivative of q(f). What is the units digit of n(0)?
6
Let s = 2